 z be 0 - (16326/(-15) + (-12)/(-30)). Suppose 3*c - z = 2*v, -3*v + 704 = 2*c + v. Suppose -3*y = 9*y - c. What is the remainder when y is divided by 16?
14
Suppose 0 = 4*o - 12*o + 120. Let s be 11 - -534 - (2 + -2). Suppose s = 5*f - 115. What is the remainder when f is divided by o?
12
Let n(t) = 96*t - 918. Calculate the remainder when n(13) is divided by 32.
10
Let u = -17 - -32. Suppose r - 3*i = -9, 0*r = r + 4*i - 19. Suppose 5*h = 3*h - r*d + 39, 2*d - 125 = -5*h. What is the remainder when h is divided by u?
12
Suppose 29*y = 9*y - 0*y + 4680. What is the remainder when y is divided by 22?
14
Let l = 60 - 40. Suppose -3*a - 15 = 0, -2*v - 5*a = -0*v + 29. What is the remainder when (-57)/(v*(-5)/(-10)) is divided by l?
17
Let h(y) = y**3 + 18*y**2 + 83*y + 84. What is the remainder when 130 is divided by h(-7)?
4
Let r(y) = 4*y**2 + 14*y - 1071. Calculate the remainder when r(-25) is divided by 21.
8
Suppose -4*b - 12 = -0. Let k(i) = 14*i**2 - 3*i - 9. Let l be k(b). Suppose -p = -8*p + l. Calculate the remainder when p is divided by 6.
0
Suppose -111*x + 1674323 = -995861 + 540427. What is the remainder when x is divided by 202?
199
Calculate the remainder when (-15*(-4)/(-2))/((-92)/1794) is divided by 289.
7
Suppose 5*h - 71 = a - 6, -3*h + 2*a + 32 = 0. Calculate the remainder when 64 is divided by h.
8
Let y be 2/(-4) - 144/(-32). Calculate the remainder when 4 + (-17 - -13)*(-91)/y is divided by 24.
23
Let n = -16 + 11. Let y be 3 + -3 - (-5 - n). Let p(u) = -u**2 - 3*u + 14. What is the remainder when p(y) is divided by 9?
5
Let y(t) = -76*t + 6. Let r(w) = -1. Let f(i) = 1. Let j(n) = -3*f(n) - 2*r(n). Let z(a) = -8*j(a) - y(a). Calculate the remainder when z(1) is divided by 16.
14
Let x(m) = -3*m + 62. Let l be 3 + (-4 - -5) + 8*2. What is the remainder when 4 is divided by x(l)?
0
Suppose -2*j + 343 = 3*j - 2697. What is the remainder when j is divided by 17?
13
Let h be ((-2)/(-5))/((-4)/(-120)). Suppose -8*i = -h*i + 96. Let k(w) = -w**3 - 54*w**2 - 54*w - 38. What is the remainder when i is divided by k(-53)?
9
Suppose 12 = -3*v, 6*v + 38 = 3*r + v. Let s(d) = 63*d - 11. Let g be s(1). Suppose -30*i + g = -28*i. What is the remainder when i is divided by r?
2
Let f(m) = -19*m**2 + 51*m + 22. What is the remainder when 115 is divided by f(3)?
3
Suppose 25*k = -30*k + 9460. Calculate the remainder when 450 is divided by k.
106
Suppose -2*x = 14*x - 4000. Suppose 0 = -5*o + 4*i + 206 + 34, 2*i + x = 5*o. Calculate the remainder when o is divided by 6.
4
Let q = 2637 - 2610. Calculate the remainder when 113 is divided by q.
5
Suppose -19*c + 504 = -11*c. What is the remainder when 1572 is divided by c?
60
Let f(s) = 11*s - 4. Let i(l) = -l**2 - 3*l + 1. Let r be i(-2). Let b(n) = 302*n - 54954. Calculate the remainder when f(r) is divided by b(182).
9
Let l(k) = -3*k**3 + 7*k**2 - k + 7. Let q be l(-5). Suppose -478 = -10*b + q. What is the remainder when b is divided by 36?
32
What is the remainder when -855*((-728)/21)/(-8)*(8 + -9) is divided by 206?
203
Let q = -3439 - -3548. Calculate the remainder when 3074 is divided by q.
22
Suppose -3*x + h + 1552 = 0, -1053 = -12*x + 10*x - 3*h. What is the remainder when 1596 is divided by x?
39
Suppose -17*q - 41 + 194 = 0. Suppose q*d - 5*d - 60 = 0. What is the remainder when 104 is divided by d?
14
Let w be 4/10 + 24/(-60). Suppose 266 = 14*o - w*o. Let i(b) = 6*b**3 + 2*b**2 + b - 2. Calculate the remainder when i(2) is divided by o.
18
Let z = -3443 - -3445. What is the remainder when 235 is divided by z?
1
Let k(q) = -q**2 - 4*q - 7. Let l be k(6). Let g = l + 146. Let o = -73 + 83. Calculate the remainder when g is divided by o.
9
Let l(w) = 4*w**3 - 1880*w**2 - 2 + 2*w + 1880*w**2. Let n(y) = -3*y**3 - y + 3. Let h(a) = 2*l(a) + 3*n(a). What is the remainder when h(-3) is divided by 10?
9
Suppose -8*t = -6*t - 6. Let k be (8/(-24))/(2/6). What is the remainder when t/k*38/(-1) is divided by 23?
22
Let f = -8449 - -8522. What is the remainder when 17080 is divided by f?
71
Suppose 0 = 5*a - 2*t - 10808, a - 2163 = -0*t - t. Suppose 16*j - a = -7*j. Calculate the remainder when j is divided by 17.
9
Let l be 2/(-15) + (-14536)/(-345). Let t = l - 31. Calculate the remainder when t is divided by 6.
5
Let d = -7444 + 7503. Calculate the remainder when 2001 is divided by d.
54
Let z = -413 + 417. Suppose z*x - k - 2094 = 0, 0*x = 4*x + 3*k - 2102. Calculate the remainder when x is divided by 31.
28
Let y(q) = 67*q - 992. Calculate the remainder when 958 is divided by y(16).
78
Suppose 0 = -2*h - t + 233, 0 = -3*h + 49*t - 48*t + 337. What is the remainder when 4671 is divided by h?
111
Let k be 107/(-1) + (-4)/(-2). Let l = -162 + 100. Let v = l - k. Calculate the remainder when v is divided by 16.
11
Suppose -2*r - 6*l - 595 = -11*l, -5*l = -5*r - 1480. Let a = -227 - r. Calculate the remainder when 334 is divided by a.
62
Suppose 91*v - 33735 - 27326 = 0. What is the remainder when v is divided by 38?
25
Let y be (4 - 56/6)*21. Let h = 131 + y. What is the remainder when 105 is divided by h?
10
Suppose -f = -3*t - 130, -151*f = -150*f + 5*t - 74. What is the remainder when 709 is divided by f?
55
Suppose w + 33 = i, 3*w + 2*w + 137 = 4*i. Suppose 28 = 14*a - i. What is the remainder when 122/a + 15/6 is divided by 18?
15
Let a = 374 - 260. Let k = -5334 + 5386. Calculate the remainder when a is divided by k.
10
Suppose -28 = -t - 3*i, 104*t - 3*i + 42 = 107*t. What is the remainder when 717 is divided by t?
3
Let v(w) = 9*w**2 - 26*w + 16. Calculate the remainder when 410 is divided by v(3).
11
Let n(y) = y**2 - 25*y + 155. Suppose -2*d = 4*k - 34, 3*k - 2*d + 4*d = 23. Let o(g) = g**2 + 7*g + 3. What is the remainder when o(k) is divided by n(7)?
27
Let c = 1558 + -1551. Calculate the remainder when (-2)/(6/((-216)/3)) is divided by c.
3
Let r(v) = v + 107. Suppose 104 = 8*i + 16. Let q(p) = 2*p**2 - 19*p - 6. What is the remainder when r(0) is divided by q(i)?
26
Suppose 4*u - 5*w - 4 = 8, 0 = 2*w - 8. Suppose 0 = u*g - 561 - 823. What is the remainder when g is divided by 45?
38
Let o(j) = 1610*j - 3766. What is the remainder when o(5) is divided by 5?
4
Suppose -2*p = -8*b - 788, -b = -3*p + 4*b + 1224. What is the remainder when p is divided by 195?
28
Let t(y) = -y + 3. Let f be t(3). Suppose 28*m - 432 = 296. Suppose -5*k - 3*d + 270 - 28 = f, k - 5*d = m. Calculate the remainder when 134 is divided by k.
42
Let z = -13616 - -14450. What is the remainder when 1680 is divided by z?
12
What is the remainder when ((-306)/357)/((-1)/84) is divided by 17?
4
What is the remainder when ((-4 - -2)*1)/(4/468*-3) is divided by 17?
10
Let n = 379 + -267. What is the remainder when n is divided by (-8 - -10) + 56 + -11?
18
Let o(w) = 4*w**2 + 7*w - 79. Calculate the remainder when o(7) is divided by 25.
16
Let y = -3875 + 4033. Calculate the remainder when y is divided by 1.
0
Suppose 0 = 4*j - 13 - 47. What is the remainder when ((-3)/(-2))/(j/370 - 0) is divided by 21?
16
Calculate the remainder when 55/(-15) - (-9 + 10130/(-30)) is divided by 23.
21
Suppose -4*q = -41 - 59. Let w be (-3)/(-4 + (-411)/(-105)). Let u = w - q. Calculate the remainder when 58 is divided by u.
8
Let y(d) = -6*d + 192. Let m = -304 + 320. What is the remainder when y(27) is divided by m?
14
Let j = -35 - -45. Let n(d) = d**2 - 9*d - 8. Let t be n(j). Suppose t*k - 128 = -g, 0 = -2*k + 3*g + 2*g + 116. What is the remainder when k is divided by 22?
19
Let z(r) = 281*r - 2. Let l be z(1). Let w = -153 + l. Let k = 156 - w. What is the remainder when k is divided by 11?
8
Let c(z) = -3*z**3 - 25*z**2 - 11*z - 19. Let g be c(-8). Suppose -5*h - g*n + 6*n = -1326, -12 = -3*n. Calculate the remainder when h is divided by 54.
50
Suppose 4*m = 3*a - 152, -5*a - 2*m + 230 = -4*m. What is the remainder when 699 is divided by a?
39
Let w = -8455 - -9433. What is the remainder when w is divided by 52?
42
Let z(j) = 2*j**2 + 14*j + 7. Let p(s) = 16*s + 72. Let u be p(-5). Calculate the remainder when z(u) is divided by 12.
11
Let d = 1937 - 1746. Let h(b) = -2*b**3 + 13*b**2 - 7*b + 9. Calculate the remainder when d is divided by h(5).
44
Let b(m) = -3*m**2 - 16*m + 24 + 2*m**2 + 26*m + 37. Calculate the